{"id":33,"date":"2014-11-05T14:53:07","date_gmt":"2014-11-05T12:53:07","guid":{"rendered":"http:\/\/limit-verlag.de\/admin\/?page_id=33"},"modified":"2014-11-29T01:20:04","modified_gmt":"2014-11-28T23:20:04","slug":"autoren","status":"publish","type":"page","link":"https:\/\/limit-verlag.de\/admin\/?page_id=33","title":{"rendered":"Autoren"},"content":{"rendered":"\n<!-- Facebook Like Button Vivacity Infotech BEGIN -->\n<div class=\"fb-like\" data-href=\"https:\/\/limit-verlag.de\/admin\/?page_id=33\" data-layout=\"standard\" data-action=\"like\" data-show-faces=\"false\" data-size=\"small\" data-width=\"450\" data-share=\"\" ><\/div>\n<!-- Facebook Like Button Vivacity Infotech END -->\n<p><strong>Hugo C:<\/strong><\/p>\n<p>Liebt ausgefallene Themen genauso wie wir. Kein Wunder, dass <a title=\"Bernadette - Amazon Link\" href=\"http:\/\/www.amazon.de\/Bernadette-Kurzgeschichte-Hugo-C-ebook\/dp\/B00ON62XXY\/ref=pd_sim_sbs_kinc_2?ie=UTF8&amp;refRID=0D567A30B31X90WTSVR9\" target=\"_blank\">&#8218;Bernadette&#8216;<\/a>, seine erste Arbeit, die im LIMIT Verlag erschienen ist, von einer r\u00e4tselhaften Todesserie in den Bergen abseits der Spanischen Grippe 1918 berichtet. Sein Roman <a title=\"Lauras Unschuld - Amazon\" href=\"http:\/\/www.amazon.de\/Lauras-Unschuld-Hugo-C\/dp\/1497305136\/ref=tmm_pap_title_0\" target=\"_blank\">&#8218;Lauras Unschuld&#8216;<\/a> beleuchtet die ausgefallenen Aspekte deutschen Wirtschaftslebens, geheime Liebesaff\u00e4ren, Spionage und legale Erpressungen inbegriffen. Derzeit finalisiert er seinen n\u00e4chsten Roman. Privat ist er Familienvater, gl\u00fccklicher Besitzer zweier Katzen und lebt nach l\u00e4ngerem Aufenthalt in Asien in S\u00fcddeutschland.<\/p>\n<p>Sein Blog: <a title=\"Blog Hugo C\" href=\"http:\/\/hugo-c.de\" target=\"_blank\">http:\/\/hugo-c.de<\/a><br \/>\n<script>\n  (function(i,s,o,g,r,a,m){i['GoogleAnalyticsObject']=r;i[r]=i[r]||function(){\n  (i[r].q=i[r].q||[]).push(arguments)},i[r].l=1*new Date();a=s.createElement(o),\n  m=s.getElementsByTagName(o)[0];a.async=1;a.src=g;m.parentNode.insertBefore(a,m)\n  })(window,document,'script','\/\/www.google-analytics.com\/analytics.js','ga');<\/p>\n<p>  ga('create', 'UA-57199051-1', 'auto');\n  ga('send', 'pageview');<\/p>\n<p><\/script><br \/>\n&nbsp;<\/p>\n<p><strong>Jo Krall:<\/strong><\/p>\n<p>Grenzg\u00e4nger. Seine Phantasie sprengt ebenso wie seine Arbeiten regelm\u00e4\u00dfig die Grenzen der Normalit\u00e4t, womit er perfekt zu LIMIT passt. Sein autobiographischer Roman<a title=\"Amazon Link Ovid\" href=\"http:\/\/www.amazon.de\/Die-katastrophale-Metamorphose-Ovid-Roman\/dp\/1500961086\/ref=tmm_pap_title_0?ie=UTF8&amp;qid=1415190589&amp;sr=8-3\" target=\"_blank\"> &#8218;Die katastrophale Metamorphose des Ovid&#8216; <\/a>erschien im Oktober bei LIMIT. Er lebt in S\u00fcddeutschland.<\/p>\n<script type=\"text\/javascript\" src=\"http:\/\/platform.linkedin.com\/in.js\"><\/script><script type=\"in\/share\" data-url=\"https:\/\/limit-verlag.de\/admin\/?page_id=33\"><\/script>","protected":false},"excerpt":{"rendered":"<p>Hugo C: Liebt ausgefallene Themen genauso wie wir. Kein Wunder, dass &#8218;Bernadette&#8216;, seine erste Arbeit, die im LIMIT Verlag erschienen ist, von einer r\u00e4tselhaften Todesserie in den Bergen abseits der Spanischen Grippe 1918 berichtet. Sein Roman &#8218;Lauras Unschuld&#8216; beleuchtet die ausgefallenen Aspekte deutschen Wirtschaftslebens, geheime Liebesaff\u00e4ren, Spionage und legale Erpressungen inbegriffen. Derzeit finalisiert er seinen &hellip; <a href=\"https:\/\/limit-verlag.de\/admin\/?page_id=33\" class=\"more-link\"><span class=\"screen-reader-text\">Autoren<\/span> weiterlesen <span class=\"meta-nav\">&rarr;<\/span><\/a><\/p>\n","protected":false},"author":1,"featured_media":0,"parent":0,"menu_order":0,"comment_status":"open","ping_status":"open","template":"","meta":{"_mi_skip_tracking":false,"footnotes":""},"_links":{"self":[{"href":"https:\/\/limit-verlag.de\/admin\/index.php?rest_route=\/wp\/v2\/pages\/33"}],"collection":[{"href":"https:\/\/limit-verlag.de\/admin\/index.php?rest_route=\/wp\/v2\/pages"}],"about":[{"href":"https:\/\/limit-verlag.de\/admin\/index.php?rest_route=\/wp\/v2\/types\/page"}],"author":[{"embeddable":true,"href":"https:\/\/limit-verlag.de\/admin\/index.php?rest_route=\/wp\/v2\/users\/1"}],"replies":[{"embeddable":true,"href":"https:\/\/limit-verlag.de\/admin\/index.php?rest_route=%2Fwp%2Fv2%2Fcomments&post=33"}],"version-history":[{"count":4,"href":"https:\/\/limit-verlag.de\/admin\/index.php?rest_route=\/wp\/v2\/pages\/33\/revisions"}],"predecessor-version":[{"id":73,"href":"https:\/\/limit-verlag.de\/admin\/index.php?rest_route=\/wp\/v2\/pages\/33\/revisions\/73"}],"wp:attachment":[{"href":"https:\/\/limit-verlag.de\/admin\/index.php?rest_route=%2Fwp%2Fv2%2Fmedia&parent=33"}],"curies":[{"name":"wp","href":"https:\/\/api.w.org\/{rel}","templated":true}]}}